m**2 + 10*m + 19. Let r be 20/(-6) - ((-4)/(-6) + 0). Let i = 7 + 13. What is the remainder when i is divided by t(r)?
9
Let c = -592 + 934. Suppose 0*y - c = 6*y. Let l = 80 + y. What is the remainder when 45 is divided by l?
22
Suppose -2*b = b - 6. Suppose 3 - 3 = 36*q. Suppose -2*s = -b*x + 2*s + 142, -2*x - s + 132 = q. Calculate the remainder when x is divided by 14.
11
Suppose 11*o - 1285 + 801 = 0. What is the remainder when 111 is divided by o?
23
Let k(c) = -c + 8. Let j be k(6). Suppose 6*a = 7*a - j. Let f(n) = 6*n**3 + 4*n - 5. What is the remainder when f(a) is divided by 18?
15
Let z(k) = -35*k - 177. Let d be z(7). Let o = 448 + d. What is the remainder when o is divided by 8?
2
Suppose -361 = -3*o - g - 58, -o + 87 = 5*g. Suppose 0 = 2*a - 5*a - o. What is the remainder when 65 is divided by a*((-2)/(-11) + 15/(-22))?
14
What is the remainder when 4/50 + (-10121166)/(-6050) is divided by 8?
1
Let f(w) = -318*w + 779. Calculate the remainder when f(-7) is divided by 17.
13
Suppose 594 = 2*j - 4*p, 4*p - p = -j + 272. Suppose 5*a - 28 = j. Suppose -3*f + 56 = 5*g, g - f = 3*g - 23. What is the remainder when a is divided by g?
11
Suppose 0 = 141*g - 137*g + 7252. What is the remainder when 163 is divided by g/(-33) + (-4)/(-66)?
53
Suppose 2*j + 129 + 105 = 3*w, 4*w + 5*j = 312. What is the remainder when 269 is divided by w?
35
Suppose 5*a + 33 = 3*m - 7, 35 = 4*m - 3*a. Suppose 2*t = -0*t - m*s + 175, 370 = 5*t - s. Calculate the remainder when t is divided by 38.
37
Let k(h) = 107*h**3 + 20*h - 55*h**3 + 14 + 3*h**2 + 5*h**2 - 53*h**3. Let u be (-2 - -3)*10*1. Calculate the remainder when 81 is divided by k(u).
11
Suppose -m - 2*q + 166 = 0, 61 = m - 2*q - 93. What is the remainder when 633 is divided by m?
153
Let c = 2416 - 2390. Let r = -426 + 684. Calculate the remainder when r is divided by c.
24
Let b be 214/4 - 21/(-14). What is the remainder when 6012/16 + b/44 is divided by 63?
62
Suppose 3*d = -2*k + 325, 4*k + 484 = 7*k + d. Let f = 164 - k. Calculate the remainder when 4 is divided by f.
1
Let g = -42 + 30. Let r be (-21)/6 - (-6)/g. What is the remainder when 15*(r + 1)/(10/(-6)) is divided by 2?
1
Let q be 20950/250 - 4/5. Suppose -4*t + 13 = -q. Suppose -4*j + 41 = 5. What is the remainder when t is divided by j?
6
Suppose -2*g + 392 + 524 = -4*i, -2*i + 4 = 0. What is the remainder when g is divided by 214?
34
Let t(d) = -36*d - 5. Let n(y) = 94*y**2 + 33*y - 8. Calculate the remainder when t(-6) is divided by n(-1).
52
Let p(i) = -i**3 + 20*i**2 - 30*i + 12. Let r be p(13). Let d = 817 - r. Calculate the remainder when d is divided by 2.
0
Suppose 4*z + 3314 = 2*f, f + 3*z + 932 = 2604. What is the remainder when f is divided by 111?
109
Let s = 8242 - 7502. Calculate the remainder when s is divided by 361.
18
What is the remainder when -8 + 10 + 334*18/(-24)*-10 is divided by 76?
75
Suppose -5*i + 6*l + 1323 = 7*l, -6*i + 1598 = -4*l. Calculate the remainder when 277 is divided by i.
12
Suppose -72 = -2*s + 2*x, 0 = x - 29 + 24. Calculate the remainder when 204 is divided by s.
40
Let i = 1139 + -404. What is the remainder when i is divided by 150?
135
Let i(k) = 2*k**3 + 39*k**2 + 98*k + 230. Calculate the remainder when 607 is divided by i(-17).
4
Let w = -2655 - -3848. Calculate the remainder when w is divided by 37.
9
Suppose 32 = 3*l + 23. Suppose -2 = -l*t - n - 3, 5 = -3*t - 2*n. Suppose -t = -2*g + 15. Calculate the remainder when 30 is divided by g.
6
Suppose 36 + 4 = 2*b. Suppose 4*l + b = -28. Calculate the remainder when 46 is divided by 15 + -1*l/(-4).
10
Let y(d) = -6 + 15*d**2 - 5*d**2 - d + 5*d - 4*d**2. Calculate the remainder when y(-6) is divided by 17.
16
Let m(p) = 6*p + 52. Let u be m(-6). Let g be 8/u*(7 + -3). Suppose -48 = -3*b - 5*y, -g*b = -7*b + 3*y + 46. Calculate the remainder when 228 is divided by b.
8
Suppose 0 = -8*u - 306 + 298. Calculate the remainder when 81 is divided by 2 + -7 - 36/u.
19
Suppose -5*n + n + 3*h = 473, -5*n - h = 577. Let c = n + 144. Calculate the remainder when c is divided by 21.
7
Let y(t) = 5*t**3 + 36*t**2 - 38*t - 266. What is the remainder when 1348 is divided by y(-7)?
25
Let a(n) = -n**3 + 9*n**2 + 12*n + 2. Suppose 0 = -m + 2 + 8. Let b be a(m). Let i = b - -7. What is the remainder when 86 is divided by i?
28
Let t(h) = h**2 - 9*h - 13. Let c(z) = 4*z**2 + 111*z + 348. Calculate the remainder when t(-5) is divided by c(-3).
6
Let v = 68 + -47. Let k(t) = t**2 + 14*t + 27. Let b be k(-12). What is the remainder when v is divided by 416/(-78)*2*b/(-4)?
5
Suppose 5*u = 3*m + 25 + 2, -4*u = 3*m. Suppose -2*p - 4 = -2, 0 = -u*o + 4*p + 838. Calculate the remainder when o is divided by 445/75*6 - (-24)/(-40).
33
Suppose 33*g - 35*g + 46 = 0. Let u be (-1)/((-3)/(-6)) - 3. Calculate the remainder when 39 + 0 + (u - -9) is divided by g.
20
Let j(a) = -a**3 - 24*a**2 + 67*a + 10. Let g be j(-27). Let l = g - 255. What is the remainder when l is divided by 68?
65
Suppose 17 + 14 = n. Suppose -255 + 927 = 121*c - 296. Calculate the remainder when n is divided by c.
7
Let p(g) = -2*g**2 + 11*g - 19. Let h be p(11). What is the remainder when (-8320)/h - (-6)/(-14) is divided by 46?
13
Let l = 40163 - 39982. Calculate the remainder when 7414 is divided by l.
174
Let x(n) = n**2 + 2. Let i(k) = 179*k + 1253. Let a be i(-7). Suppose 13*v - 77*v + 1664 = a. What is the remainder when v is divided by x(0)?
0
Let l = 3809 + -1963. What is the remainder when l is divided by 21?
19
Let m = 12658 - 12641. Let h = 64 + -33. Suppose -3*y = -i - h, 5*y - 41 = -i + 8. Calculate the remainder when m is divided by y.
7
Let a(m) = 25*m + 3058. What is the remainder when a(-12) is divided by 14?
0
Let h(d) = 12*d + 177. Let f be 165/(-12) - 3/12. Suppose 0 = -4*k - k + 65. Calculate the remainder when k is divided by h(f).
4
Suppose 5*b - 465 = -4*l - 1595, -4*b - 945 = -5*l. Let y = 325 + b. Calculate the remainder when y is divided by 11.
7
Let i(o) = -o**2 - 7*o + 66. Let g be i(5). Calculate the remainder when 207 is divided by g + (0 - 10/5).
3
Let b(l) = -2*l + 11 - 2 + 17. Suppose h = 2*h - 20. Calculate the remainder when h is divided by b(9).
4
Let b(p) = p**2 - p - 34. Let y be b(6). Let l(c) = 2*c**2 - 4*c - 21. What is the remainder when 54 is divided by l(y)?
0
Let w(i) = -11*i - 3. Suppose 4*z - g + 5 + 2 = 0, -2*z - 3*g + 7 = 0. Let p be w(z). Suppose -11*a + 30 = -p*a. What is the remainder when 26 is divided by a?
6
Let f = 0 + -10. Let r = 11245 + -11156. What is the remainder when r is divided by (f/(-2))/((-4)/(-36))?
44
Suppose -15*r + 13485 = -7*r + 23*r. What is the remainder when r is divided by 22?
17
Suppose 0 = 4*n + n - 55. Let d(p) = -16 + 2*p - 5 + 42 - p. What is the remainder when n is divided by d(-14)?
4
Suppose -184*r - 365*r = -9882. What is the remainder when 1041 is divided by r?
15
Suppose -5*l = -p + 24, -3*l - 16 = l. Suppose 0 = 4*x - 16, 14 = -p*w + w + 5*x. Suppose -15 = -w*f + 59. Calculate the remainder when 184 is divided by f.
36
Let u = 26445 + -26242. What is the remainder when 608 is divided by u?
202
Let f(r) = -r**2 - 63*r - 870. Suppose 76 + 47 = 3*q + g, -2*q + 86 = 2*g. Calculate the remainder when f(-24) is divided by q.
26
Calculate the remainder when 768 is divided by 109/(-2)*(0 + 0 - 0 - 2).
5
Let y(p) = -3*p + 4. Let t = 57142 - 57120. Calculate the remainder when y(-7) is divided by t.
3
Suppose 4*u + 32 = 0, 91*u + 50674 = 2*n + 92*u. What is the remainder when n is divided by 22?
19
Suppose -278 + 35 - 67 = -10*p. Let m(o) = -148*o + 7. Calculate the remainder when m(-2) is divided by p.
24
Suppose -l - 4*d = 11, 8*l - 6*l + 2*d - 8 = 0. Suppose 3*a + 5*r = 32, 4*a - 5*r + 4*r - 12 = 0. What is the remainder when l is divided by a?
1
Let l = 943 + -928. Let v(b) = b**3 - 13*b**2 - 20*b - 25. Calculate the remainder when v(l) is divided by 33.
26
Suppose -183*u = -137*u - 1288. Let s(y) = 29*y - 5. Calculate the remainder when s(4) is divided by u.
27
Suppose 0 = 7*s - 71 - 55. Let l = -11 + s. Suppose 0 = -n - 0*n + l. What is the remainder when 11 is divided by n?
4
Let x = -59 - -64. Suppose -9 = -2*g - x. Calculate the remainder when 23 is divided by g.
1
Suppose -3*v = -8*v - 4*u + 94, 2*u = 3*v - 5